de 312865?
False
Does 165 divide 125235?
True
Is 346172 a multiple of 4?
True
Does 46 divide 17779880?
False
Does 38 divide 14442698?
True
Is 82 a factor of 240916?
True
Is 360 a factor of 3438066?
False
Is 21 a factor of 76008?
False
Does 95 divide 48820?
False
Does 3 divide 3876?
True
Does 7 divide 80744?
False
Does 136 divide 6888681?
False
Is 399 a factor of 530271?
True
Is 44 a factor of 113423?
False
Is 192104 a multiple of 118?
True
Is 6275325 a multiple of 35?
True
Does 28 divide 620212?
False
Is 675738 a multiple of 19?
False
Is 169680 a multiple of 20?
True
Is 455454 a multiple of 104?
False
Is 87536 a multiple of 6?
False
Is 438 a factor of 1263399?
False
Does 208 divide 112112?
True
Does 50 divide 1551975?
False
Is 122 a factor of 245492?
False
Is 52 a factor of 385580?
True
Is 39 a factor of 679809?
True
Is 12813564 a multiple of 205?
False
Does 10 divide 2447240?
True
Is 15 a factor of 979357?
False
Does 40 divide 1347686?
False
Is 105644 a multiple of 18?
False
Is 583 a factor of 654709?
True
Does 26 divide 925132?
True
Is 30 a factor of 13740?
True
Does 3 divide 321000?
True
Is 2825256 a multiple of 1004?
True
Is 191268 a multiple of 14?
True
Is 192 a factor of 188736?
True
Does 1150 divide 8337705?
False
Is 2165 a factor of 17246390?
True
Is 28 a factor of 36988?
True
Is 40 a factor of 351040?
True
Is 2850408 a multiple of 732?
True
Is 40 a factor of 6024038?
False
Does 15 divide 8980425?
True
Is 154595 a multiple of 49?
True
Does 141 divide 1337463?
False
Is 199 a factor of 4346224?
False
Does 32 divide 1537063?
False
Is 22 a factor of 1460337?
False
Is 379 a factor of 315707?
True
Is 33 a factor of 9038917?
False
Is 77100 a multiple of 15?
True
Is 644825 a multiple of 177?
False
Is 4669 a multiple of 262?
False
Does 2 divide 9752?
True
Does 5 divide 119933?
False
Is 778335 a multiple of 1255?
False
Is 46 a factor of 9450056?
True
Does 78 divide 426283?
False
Does 113 divide 34988?
False
Does 14 divide 37716?
True
Is 10 a factor of 4769389?
False
Is 284 a factor of 3102700?
True
Is 22 a factor of 110697?
False
Is 143149 even?
False
Is 1758350 a multiple of 110?
True
Is 36 a factor of 65761?
False
Does 160 divide 7505?
False
Does 11 divide 13462036?
False
Does 124 divide 297228?
True
Is 210 a factor of 661139?
False
Does 6 divide 27502?
False
Does 166 divide 239461?
False
Does 134 divide 10555046?
True
Is 450 a factor of 176400?
True
Is 268 a factor of 362068?
True
Is 814 a factor of 1617418?
True
Is 315 a factor of 108990?
True
Is 1239 a factor of 659148?
True
Does 34 divide 84456?
True
Is 6774414 a multiple of 261?
False
Is 1096197 a multiple of 91?
False
Is 3 a factor of 537567?
True
Is 23 a factor of 1154153?
False
Does 62 divide 272862?
True
Does 862 divide 4815994?
True
Is 6 a factor of 64602?
True
Is 45 a factor of 621943?
False
Does 9 divide 3361086?
True
Is 232529 a multiple of 11?
True
Does 50 divide 127353?
False
Is 7 a factor of 1954883?
True
Is 74 a factor of 704064?
False
Is 1039296 a multiple of 24?
True
Does 47 divide 895869?
False
Is 2170900 a multiple of 425?
True
Is 158936 a multiple of 47?
False
Is 691623 a multiple of 3?
True
Does 165 divide 229406?
False
Is 31 a factor of 157021?
False
Is 4007730 a multiple of 18?
False
Is 54 a factor of 1063564?
False
Does 3 divide 1163619?
True
Does 33 divide 417014?
False
Is 392003 a multiple of 17?
True
Does 442 divide 10372640?
False
Is 18 a factor of 2893207?
False
Is 442 a factor of 1962897?
False
Does 533 divide 10193092?
True
Does 2 divide 119527?
False
Is 491 a factor of 826844?
True
Is 1772388 a multiple of 54?
True
Is 32615 a multiple of 227?
False
Is 12171864 a multiple of 102?
True
Is 26591 a multiple of 385?
False
Is 183672 a multiple of 36?
True
Is 3436718 a multiple of 41?
False
Does 481 divide 24546938?
False
Is 113 a factor of 917290?
False
Is 215 a factor of 1742802?
False
Is 14 a factor of 13476?
False
Does 670 divide 1975699?
False
Is 1481775 a multiple of 25?
True
Is 985380 a multiple of 165?
True
Is 29282 a multiple of 242?
True
Does 68 divide 70968?
False
Is 64 a factor of 356480?
True
Does 14 divide 235721?
False
Is 703050 a multiple of 10?
True
Is 166 a factor of 815724?
True
Is 195564 a multiple of 316?
False
Is 14 a factor of 20718597?
False
Does 71 divide 5396?
True
Is 228000 a multiple of 60?
True
Does 17 divide 12106149?
False
Is 437579 a multiple of 937?
True
Is 33966 a multiple of 26?
False
Does 119 divide 6761830?
False
Does 11 divide 146900?
False
Does 21 divide 56603?
False
Is 71 a factor of 19138973?
True
Is 383271 even?
False
Does 31 divide 73811?
True
Is 45 a factor of 299031?
False
Is 15 a factor of 6462862?
False
Does 9 divide 413427?
False
Is 322 a factor of 1559381?
False
Does 7 divide 5836474?
True
Is 220725 a multiple of 75?
True
Does 3 divide 443337?
True
Is 198007 a multiple of 321?
False
Is 824704 a multiple of 272?
True
Is 1041751 a multiple of 81?
False
Does 68 divide 19765?
False
Is 37 a factor of 154586?
True
Does 3 divide 953338?
False
Is 88 a factor of 2493177?
False
Does 10 divide 417001?
False
Is 3072323 a multiple of 1039?
True
Is 274584 a multiple of 51?
True
Is 72 a factor of 21244?
False
Is 473832 a multiple of 9?
True
Does 9 divide 3654702?
True
Does 160 divide 2967840?
True
Is 459266 a multiple of 8?
False
Is 55 a factor of 248368?
False
Is 22574 a multiple of 43?
False
Is 232 a factor of 562832?
True
Is 136930 a multiple of 20?
False
Does 546 divide 16647?
False
Is 470493 a multiple of 9?
True
Is 445872 a multiple of 48?
True
Is 548365 a multiple of 4?
False
Does 7 divide 86662?
False
Does 413 divide 389459?
True
Does 9 divide 73585?
False
Does 10 divide 397248?
False
Is 10465994 a multiple of 11?
True
Is 7 a factor of 5322135?
True
Does 52 divide 230204?
True
Is 9 a factor of 2834651?
False
Is 104 a factor of 473568?
False
Does 16 divide 3085719?
False
Is 308201 a multiple of 102?
False
Is 1377666 a multiple of 3?
True
Is 347 a factor of 427157?
True
Is 7 a factor of 12644?
False
Is 12 a factor of 97284?
True
Is 274104 a multiple of 243?
True
Is 38 a factor of 149112?
True
Is 167 a factor of 53774?
True
Does 17 divide 848370?
False
Does 249 divide 4053063?
False
Does 27 divide 47012?
False
Is 101 a factor of 324968?
False
Is 4044918 a multiple of 46?
True
Does 17 divide 638279?
False
Does 3 divide 603827?
False
Is 67956 a multiple of 46?
False
Is 38363 a multiple of 169?
True
Is 6 a factor of 1491918?
True
Is 302112 a multiple of 32?
True
Is 49 a factor of 3921666?
True
Is 104 a factor of 4100769?
False
Is 663 a factor of 2307903?
True
Is 119336 a multiple of 67?
False
Does 491 divide 2878242?
True
Is 75 a factor of 616175?
False
Is 2404768 a multiple of 16?
True
Is 148 a factor of 12302533?
False
Does 18 divide 1196745?
False
Is 1288237 a multiple of 5?
False
Is 21 a factor of 4234419?
True
Does 106 divide 532624?
False
Does 15 divide 2975205?
True
Is 3134412 a multiple of 59?
False
Is 4 a factor of 1057488?
True
Is 9674722 a multiple of 17?
False
Does 16 divide 1305444?
False
Does 7 divide 700392?
True
Is 6 a factor of 1061394?
True
Is 3177686 a multiple of 24?
False
Is 51 a factor of 37077?
True
Does 9 divide 1119077?
False
Is 210864 a multiple of 92?
True
Does 500 divide 110500?
True
Is 13708052 a multiple of 68?
True
Is 32 a factor of 99426?
False
Is 2247436 a multiple of 91?
False
Is 704650 a multiple of 10?
True
Does 709 divide 9306308?
False
Is 112965 even?
False
Is 282 a factor of 11280?
True
Is 919401 a multiple of 146?
False
Is 140215 a multiple of 145?
True
Is 16534375 a multiple of 25?
True
Does 74 divide 321012?
True
Is 1472 a factor of 7079613?
False
Does 80 divide 5964429?
False
Is 30655 a multiple of 30?
False
Is 31458 a multiple of 174?
False
Is 25 a factor of 153600?
True
Does 92 divide 2439303?
False
Is 25 a factor of 1998698?
False
Is 1955759 a multiple of 31?
True
Is 165507 a multiple of 106?
False
Is 2523447 a multiple of 892?
False
Is 36330448 a multiple of 16?
True
Is 345153 a multiple of 103?
True
Is 32748 a multiple of 8?
False
Is 96 a factor of 518718?
False
Is 7 a factor of 666874?
False
Is 490 a factor of 4258590?
True
Is 69408 a multiple of 48?
True
Does 78 divide 188650?
False
Is 3173 a multiple of 3?
False
Is 53 a factor of 7973585?
True
Is 301 a factor of 2166297?
True
